Let u = 54 + r. What are the prime factors of u?
37
Let z(f) = 4*f**3 - f**2 - 3*f + 2. What are the prime factors of z(2)?
2, 3
Suppose 25*d = 26*d - 134. List the prime factors of d.
2, 67
Suppose -2506 = -12*f + 554. List the prime factors of f.
3, 5, 17
List the prime factors of 318/7 - (-12)/(-28).
3, 5
Let m = -277 + 411. Suppose -5*i = 2*f - m, 3*f - 136 = -i - 4*i. What are the prime factors of i?
2, 13
Suppose -74 = -3*q - 3*l + l, l = -2*q + 48. List the prime factors of q.
2, 11
Let s(a) = a**3 + 5*a**2 + a - 4. Suppose -7*k + 20 = -2*k. Suppose 16 = -k*x + 4. List the prime factors of s(x).
11
Let b = 7 - 4. Suppose 7*d = b*d + 8. List the prime factors of d.
2
Let a = 61 - -45. What are the prime factors of a?
2, 53
Let h be 46/10 - (-2)/5. Suppose 0 = n - 0*n + h*d - 67, -3*n + 136 = 2*d. What are the prime factors of n?
2, 3, 7
Let x(i) = -i**3 - 11*i**2 + 9. Let l = -52 + 27. Let f = 14 + l. What are the prime factors of x(f)?
3
Suppose -5*a = -2*a - f - 429, f + 143 = a. List the prime factors of a.
11, 13
Suppose 0 = -4*f + f + 12. Suppose -2 = -f*a + 50. List the prime factors of a.
13
Let a = -17 + 53. What are the prime factors of a?
2, 3
Suppose -4*f + 5*u - 15 = 0, -2*f + 5*f - 9 = -3*u. Suppose f = -0*x - x + 15. What are the prime factors of x?
3, 5
Let x(v) = v**3 + 11*v**2 + 10*v + 4. Let m be (-104)/10 - 14/(-35). Let b be x(m). Let c = -2 + b. What are the prime factors of c?
2
Let u(h) = h**2 - 10*h + 12. Let v be u(8). List the prime factors of (-74)/v + (-3)/6.
2, 3
Let c = 196 + -115. What are the prime factors of c?
3
Let d(t) = -5*t**3 - 3*t**2 - 2*t - 2. Let h be d(-2). Suppose 5*l - h = -5. List the prime factors of l.
5
Suppose t = -2*t + 12. Let r = t - 1. What are the prime factors of r?
3
List the prime factors of (468 + (0 - 6)/3)/2.
233
Let i = -24 - -100. List the prime factors of 2/5 + i/10.
2
Suppose -5*n - 10 = -2*y - 3*n, -2*n = y + 4. Suppose -5*u + 103 = l, -14 = -y*u - 3*l + 22. What are the prime factors of u?
3, 7
Let t = 14 - 4. Suppose 3*f - t = 2*f. What are the prime factors of f?
2, 5
Suppose a - 13 - 25 = -4*o, a = -5*o + 38. What are the prime factors of a?
2, 19
Let a(s) be the second derivative of s**4/12 - s**3/3 - s**2/2 + s. Let y be a(2). Let x = 9 + y. What are the prime factors of x?
2
Suppose 0 = -4*r + 51 + 101. What are the prime factors of r?
2, 19
Let r(s) = 5*s - 17. List the prime factors of r(7).
2, 3
Let s(j) = j**3 - 11*j**2 + 15*j - 14. What are the prime factors of s(11)?
151
Let c(o) = -o + 0*o - 6*o - 5*o. What are the prime factors of c(-3)?
2, 3
Let r = -3 - -1. What are the prime factors of (-92)/(-16) - r/8?
2, 3
Let g be 0 + 1 + 10 + -9. List the prime factors of (g - 3)*(-5 + 2).
3
Let p(y) = -2*y + 2. Let h be p(-7). Suppose -4*n = -h - 0. Suppose 0 = -3*x - n + 22. List the prime factors of x.
2, 3
Let h(f) = f**2 + 7*f - 5. Let q be h(-8). Suppose -4*c + 101 = -q*d, 0 + 2 = c. Let w = -20 - d. What are the prime factors of w?
11
Let b be (-1 - -7)*(6 + 2). Suppose -g - 5 = -2*s - b, 3*s + 58 = -5*g. Let l = -13 - s. List the prime factors of l.
2
Suppose 2*n - 3*y = -0*n + 72, -4*n + 136 = -4*y. What are the prime factors of n?
2, 3, 5
Suppose 4*w = -h + 51, 0 = w - 4*h - 14 - 3. What are the prime factors of w?
13
Suppose k - 4*k + 42 = 0. Let o = -14 + 27. What are the prime factors of (k/7)/(2/o)?
13
Let u(o) = -o**2 - 9*o - 8. Let l = 4 + -11. What are the prime factors of u(l)?
2, 3
Suppose 0 = 5*k - 8 - 72. List the prime factors of k.
2
Suppose 0*g - 3*g = -6. Let y = 5 + -2. Suppose 2*r - 22 = -s, 0 = -g*s - 2*s + y*r + 66. List the prime factors of s.
2, 3
Suppose -2*a = 2*h - 94, 2*h = -3*h + 3*a + 227. List the prime factors of h.
2, 23
Suppose 5*p = 3*l - 164, l + 2*p + p - 50 = 0. List the prime factors of l.
53
Let p = 66 - -45. List the prime factors of p.
3, 37
Let k(n) = -4*n + 21. List the prime factors of k(-7).
7
Suppose -5*j = -4*b + 31, 3*j = -2*b - b + 30. What are the prime factors of (-12)/6*b/(-2)?
3
Let z be ((-52)/10)/((-6)/30). Suppose -2*q = 5*c - c - 14, -c = -4*q - z. What are the prime factors of c?
2, 3
Let a = 4 - 2. Suppose -a*q = 1 - 5. Suppose -q*p = -p - 17. List the prime factors of p.
17
Suppose 0 = 4*n + 4*m + 17 - 541, 0 = 2*n - 4*m - 292. List the prime factors of n.
2, 17
Let s be (2/(-3))/((-16)/(-168)). Let h = s + 8. Let i(m) = 7*m. List the prime factors of i(h).
7
Let u(b) = 4*b**2 - 11*b - 1. What are the prime factors of u(-3)?
2, 17
Let f(h) = h**3 + 10*h**2 - 13*h - 12. Suppose -37 = 3*i - 4. List the prime factors of f(i).
2, 5
Let y be 36/(-6)*(1 + 0). What are the prime factors of (-4)/y*(18 + -9)?
2, 3
Suppose -6 = 5*f - 71. Let b = 20 - f. Let n = b + -1. List the prime factors of n.
2, 3
Let u = 26 - 3. List the prime factors of u.
23
Suppose 3*q = -3*j + 6, 4*q + 2*j = -j + 6. Let t be q/3 - -3*1. Suppose 0*x + 36 = t*x. List the prime factors of x.
2, 3
Suppose 5*j = 3*o - 4, 0 = o - 4*j - 3 + 4. Let s = o - 0. Suppose -s*k + 3*a = -24, 2*k - a = 4*a + 19. What are the prime factors of k?
7
Suppose -v = y - 4, 3*v + 2*y - 3 - 5 = 0. List the prime factors of (1/(-3) + v)*-105.
5, 7
Let i(b) = b**3 + 5*b**2 - 3*b + 5. Let t be i(-4). Let q = -23 + t. List the prime factors of q.
2, 5
Let u be 4/(-6) + 28/6. Suppose -r = u*r - 25. Suppose -4*v = 5*c - 16, 3*c = -3*v + 10 + r. List the prime factors of v.
3
List the prime factors of ((-112)/(-10))/((-8)/(-20)).
2, 7
Suppose 21 = -6*j + 3*j. Let l be (-2)/(-3) + j/(-3). List the prime factors of (l + -2)/((-1)/(-2)).
2
Suppose 4*x + 6 = 6*x. Suppose -x*m + 128 = m + 2*n, -2*m - 3*n = -64. What are the prime factors of m?
2
Suppose -2*x - 2*r - 55 = -3*r, x + 5*r = -33. Let t = -19 - x. Suppose -1 = 2*o - t. List the prime factors of o.
2
Suppose -4*n = -5*w - 26, -2*n + 5*n = 3*w + 18. Suppose x = r - n, 0 = -r - x + 1 + 3. What are the prime factors of r?
2
Let t(b) = -b**2 - 6*b + 1. Let k be t(-4). Let x = 20 - k. List the prime factors of x.
11
Let h(a) = -2*a**3 - 8*a**2 + a - 18. What are the prime factors of h(-6)?
2, 3, 5
Let m = 3 + 0. Suppose -2*n + m*n = 5. What are the prime factors of n?
5
Suppose -836 = -c - 4*c - 2*z, -3*c - 5*z + 494 = 0. List the prime factors of c.
2, 3, 7
Let o = -52 + 48. Let a(h) be the third derivative of -h**4/6 + h**3/6 - h**2. What are the prime factors of a(o)?
17
Suppose 2*d + 703 = 3*c, 0 = 2*d + 3 + 1. List the prime factors of c.
233
Let u = -18 + 16. What are the prime factors of 7*6/(-7)*u?
2, 3
What are the prime factors of 306 + 2 + (-1 - -2) - -3?
2, 3, 13
Suppose 7*j - 2*v + 21 = 2*j, -4*j = 3*v + 26. Let g be 2/(-3)*(j - -17). Let c(m) = -m**2 - 11*m - 9. What are the prime factors of c(g)?
3, 5
Let m = 61 + -24. What are the prime factors of m?
37
Let k be 2/3 - 1/(-3). Let w(q) = q. Let d(b) = 4*b - 2. Let j(y) = k*d(y) + 2*w(y). List the prime factors of j(2).
2, 5
Let h be (10 + -13)/((-6)/104). Suppose -2*c = 8, 6*c + h = 3*u + 2*c. List the prime factors of u.
2, 3
Let f be (6 + 1)*(-6)/(-7). Suppose 3*h - 5*h + f = 0. Suppose -h*x + 30 = -12. What are the prime factors of x?
2, 7
Let c(l) = -l**3 + 11*l**2 + 5*l + 1. What are the prime factors of c(11)?
2, 7
Let m(t) = t**3 - 8*t**2 - t + 11. Let s be m(8). Suppose -v - 2*v - 4*f = -18, 3*f = s*v + 3. What are the prime factors of v?
2
Suppose -6*s + 9*s - 72 = 0. List the prime factors of s.
2, 3
Let k be 6/(-9) - 16/(-6). Suppose -l - k*f - 2*f = -28, 0 = 5*l - 2*f - 74. List the prime factors of l.
2
Suppose 4*t = -2*z + t + 63, 0 = 5*t - 15. What are the prime factors of z?
3
Suppose 5*z = 72 + 183. What are the prime factors of z?
3, 17
Suppose v = -0*v + 1. Let b = 4 - -1. Suppose 3*t + 1 = b*h, -3*t + 12 = 2*h - v. List the prime factors of h.
2
Let o be -1 - (3 + (-4 - -1)). What are the prime factors of 72/16*(3 - o)?
2, 3
Suppose -h + 5*z = 6, -h + 7 = -2*z + 28. Let k = h - -52. List the prime factors of k.
3, 7
Let d = 9 - 4. Suppose d*s = -2*v - 6, 4*v + 19 = -5*s + 7. Suppose 3*r - 40 = -4*u, -5*u + u + 3*r + 40 = s. List the prime factors of u.
2, 5
Suppose 0 = 3*v - 0*v - 4*j + 12, 0 = -5*v - 5*j - 20. Let z be v/10 + 72/5. Suppose 4*g = -6*k + k + 35, 4*g - 2*k - z = 0. What are the prime factors of g?
5
Suppose 2*z